{"id":192,"date":"2025-12-18T10:36:38","date_gmt":"2025-12-18T10:36:38","guid":{"rendered":"https:\/\/medaillendruck.de\/?page_id=192"},"modified":"2025-12-18T12:20:12","modified_gmt":"2025-12-18T12:20:12","slug":"impressum","status":"publish","type":"page","link":"https:\/\/medaillendruck.de\/home\/impressum\/","title":{"rendered":"Impressum"},"content":{"rendered":"\t\t<div data-elementor-type=\"wp-page\" data-elementor-id=\"192\" class=\"elementor elementor-192\">\n\t\t\t\t<div class=\"elementor-element elementor-element-0886c7c e-flex e-con-boxed e-con e-parent\" data-id=\"0886c7c\" data-element_type=\"container\" data-e-type=\"container\" data-settings=\"{&quot;background_background&quot;:&quot;classic&quot;}\">\n\t\t\t\t\t<div class=\"e-con-inner\">\n\t\t\t\t<div class=\"elementor-element elementor-element-bef4931 elementor-widget elementor-widget-html\" data-id=\"bef4931\" data-element_type=\"widget\" data-e-type=\"widget\" data-widget_type=\"html.default\">\n\t\t\t\t\t<style>\n    \/* WP Men\u00fc im Elementor Nav-Menu Widget *\/\n.menu-md-navigation-container #menu-md-navigation{\n  list-style: none !important;\n  margin: 0 !important;\n  padding: 0 !important;\n\n  display: flex !important;\n  gap: 28px !important;\n  align-items: center !important;\n}\n\n.menu-md-navigation-container #menu-md-navigation > li{\n  list-style: none !important;\n  margin: 0 !important;\n  padding: 0 !important;\n}\n\n.menu-md-navigation-container #menu-md-navigation > li::marker{\n  content: \"\" !important;\n}\n\n.menu-md-navigation-container #menu-md-navigation > li > a{\n  display: inline-block !important;\n  text-decoration: none !important;\n  font-size: 18px !important;\n  font-weight: 500 !important;\n  color: #0b1524 !important; \/* wie oben *\/\n}\n\n\/* Hover Edelstahl-Textverlauf *\/\n.menu-md-navigation-container #menu-md-navigation > li > a:hover{\n  background: linear-gradient(\n    90deg,\n    #bfc5cb 0%,\n    #7d858d 25%,\n    #4f565d 50%,\n    #7d858d 75%,\n    #c5cbd1 100%\n  ) !important;\n\n  -webkit-background-clip: text !important;\n  background-clip: text !important;\n  color: transparent !important;\n}\n\n<\/style>\t\t\t\t<\/div>\n\t\t<div class=\"elementor-element elementor-element-d77d9e2 e-con-full e-flex e-con e-child\" data-id=\"d77d9e2\" data-element_type=\"container\" data-e-type=\"container\">\n\t\t\t\t<div class=\"elementor-element elementor-element-a101229 elementor-widget elementor-widget-image\" data-id=\"a101229\" data-element_type=\"widget\" data-e-type=\"widget\" data-widget_type=\"image.default\">\n\t\t\t\t\t\t\t\t\t\t\t\t\t\t\t<img decoding=\"async\" width=\"300\" height=\"64\" src=\"https:\/\/medaillendruck.de\/wp-content\/uploads\/2025\/12\/Medaillendruck_logo-1.png\" class=\"attachment-medium size-medium wp-image-178\" alt=\"\" \/>\t\t\t\t\t\t\t\t\t\t\t\t\t\t\t<\/div>\n\t\t\t\t<\/div>\n\t\t<div class=\"elementor-element elementor-element-ae15077 e-con-full e-flex e-con e-child\" data-id=\"ae15077\" data-element_type=\"container\" data-e-type=\"container\">\n\t\t\t\t<div class=\"elementor-element elementor-element-42649b4 elementor-widget__width-inherit elementor-widget elementor-widget-wp-widget-nav_menu\" data-id=\"42649b4\" data-element_type=\"widget\" data-e-type=\"widget\" data-widget_type=\"wp-widget-nav_menu.default\">\n\t\t\t\t<div class=\"elementor-widget-container\">\n\t\t\t\t\t<nav class=\"menu-md-navigation-container\" aria-label=\"Men\u00fc\"><ul id=\"menu-md-navigation\" class=\"menu\"><li id=\"menu-item-277\" class=\"menu-item menu-item-type-post_type menu-item-object-page menu-item-home menu-item-277\"><a href=\"https:\/\/medaillendruck.de\/home\/\">Home<\/a><\/li>\n<li id=\"menu-item-279\" class=\"menu-item menu-item-type-post_type menu-item-object-page menu-item-279\"><a href=\"https:\/\/medaillendruck.de\/home\/portfolio\/\">Portfolio<\/a><\/li>\n<li id=\"menu-item-278\" class=\"menu-item menu-item-type-post_type menu-item-object-page menu-item-278\"><a href=\"https:\/\/medaillendruck.de\/home\/kontakt\/\">Kontakt<\/a><\/li>\n<\/ul><\/nav>\t\t\t\t<\/div>\n\t\t\t\t<\/div>\n\t\t\t\t<\/div>\n\t\t\t\t\t<\/div>\n\t\t\t\t<\/div>\n\t\t<div class=\"elementor-element elementor-element-250042a e-flex e-con-boxed e-con e-parent\" data-id=\"250042a\" data-element_type=\"container\" data-e-type=\"container\">\n\t\t\t\t\t<div class=\"e-con-inner\">\n\t\t\t\t<div class=\"elementor-element elementor-element-208543e elementor-widget elementor-widget-text-editor\" data-id=\"208543e\" data-element_type=\"widget\" data-e-type=\"widget\" data-widget_type=\"text-editor.default\">\n\t\t\t\t\t\t\t\t\t<p>\u00a0<\/p><p><strong>JMD Jens Munser Designs<\/strong><\/p><p>Firmeninhaber: Jens Munser<br \/>Karl-Scharfenberg-Str. 70<br \/>38229 Salzgitter<\/p><p>Telefon: +49534170264<br \/>Telefax: +49534170268<br \/>E-Mail: info@jmd.de<\/p><p>Registereintrag:<br \/>Eingetragen im Handelsregister.<br \/>Registergericht: Amtsgericht Braunschweig<br \/>Registernummer: HRA 201979<\/p><p>Umsatzsteuer-ID:<br \/>Umsatzsteuer-Identifikationsnummer nach \u00a727a Umsatzsteuergesetz:<br \/>DE 165016062<\/p><p>Verantwortlich f\u00fcr den Inhalt (gem. \u00a7 55 Abs. 2 RStV):<br \/>Jens Munser<br \/>Karl-Scharfenberg-Str. 70<br \/>38239 Salzgitter<br \/>Deutschland<\/p><p>Hinweis gem\u00e4\u00df Verbraucherstreitbeilegungsgesetz (VSBG)<\/p><p>Wir sind nicht bereit und verpflichtet, an Streitbeilegungsverfahren vor einer Verbraucherschlichtungsstelle teilzunehmen.<\/p><p>Disclaimer \u2013 rechtliche Hinweise<\/p><p>\u00a7 1 Warnhinweis zu Inhalten<br \/>Die kostenlosen und frei zug\u00e4nglichen Inhalte dieser Webseite wurden mit gr\u00f6\u00dftm\u00f6glicher Sorgfalt erstellt. Der Anbieter dieser Webseite \u00fcbernimmt jedoch keine Gew\u00e4hr f\u00fcr die Richtigkeit und Aktualit\u00e4t der bereitgestellten kostenlosen und frei zug\u00e4nglichen journalistischen Ratgeber und Nachrichten. Namentlich gekennzeichnete Beitr\u00e4ge geben die Meinung des jeweiligen Autors und nicht immer die Meinung des Anbieters wieder. Allein durch den Aufruf der kostenlosen und frei zug\u00e4nglichen Inhalte kommt keinerlei Vertragsverh\u00e4ltnis zwischen dem Nutzer und dem Anbieter zustande, insoweit fehlt es am Rechtsbindungswillen des Anbieters.<\/p><p>\u00a7 2 Externe Links<br \/>Diese Website enth\u00e4lt Verkn\u00fcpfungen zu Websites Dritter (\u201cexterne Links\u201d). Diese Websites unterliegen der Haftung der jeweiligen Betreiber. Der Anbieter hat bei der erstmaligen Verkn\u00fcpfung der externen Links die fremden Inhalte daraufhin \u00fcberpr\u00fcft, ob etwaige Rechtsverst\u00f6\u00dfe bestehen. Zu dem Zeitpunkt waren keine Rechtsverst\u00f6\u00dfe ersichtlich. Der Anbieter hat keinerlei Einfluss auf die aktuelle und zuk\u00fcnftige Gestaltung und auf die Inhalte der verkn\u00fcpften Seiten. Das Setzen von externen Links bedeutet nicht, dass sich der Anbieter die hinter dem Verweis oder Link liegenden Inhalte zu Eigen macht. Eine st\u00e4ndige Kontrolle der externen Links ist f\u00fcr den Anbieter ohne konkrete Hinweise auf Rechtsverst\u00f6\u00dfe nicht zumutbar. Bei Kenntnis von Rechtsverst\u00f6\u00dfen werden jedoch derartige externe Links unverz\u00fcglich gel\u00f6scht.<\/p><p>\u00a7 3 Urheber- und Leistungsschutzrechte<br \/>Die auf dieser Website ver\u00f6ffentlichten Inhalte unterliegen dem deutschen Urheber- und Leistungsschutzrecht. Jede vom deutschen Urheber- und Leistungsschutzrecht nicht zugelassene Verwertung bedarf der vorherigen schriftlichen Zustimmung des Anbieters oder jeweiligen Rechteinhabers. Dies gilt insbesondere f\u00fcr Vervielf\u00e4ltigung, Bearbeitung, \u00dcbersetzung, Einspeicherung, Verarbeitung bzw. Wiedergabe von Inhalten in Datenbanken oder anderen elektronischen Medien und Systemen. Inhalte und Rechte Dritter sind dabei als solche gekennzeichnet. Die unerlaubte Vervielf\u00e4ltigung oder Weitergabe einzelner Inhalte oder kompletter Seiten ist nicht gestattet und strafbar. Lediglich die Herstellung von Kopien und Downloads f\u00fcr den pers\u00f6nlichen, privaten und nicht kommerziellen Gebrauch ist erlaubt.<\/p><p>Die Darstellung dieser Website in fremden Frames ist nur mit schriftlicher Erlaubnis zul\u00e4ssig.<\/p><p>\u00a7 4 Besondere Nutzungsbedingungen<br \/>Soweit besondere Bedingungen f\u00fcr einzelne Nutzungen dieser Website von den vorgenannten Paragraphen abweichen, wird an entsprechender Stelle ausdr\u00fccklich darauf hingewiesen. In diesem Falle gelten im jeweiligen Einzelfall die besonderen Nutzungsbedingungen.<\/p>\t\t\t\t\t\t\t\t<\/div>\n\t\t\t\t\t<\/div>\n\t\t\t\t<\/div>\n\t\t<div class=\"elementor-element elementor-element-3c26336 e-flex e-con-boxed e-con e-parent\" data-id=\"3c26336\" data-element_type=\"container\" data-e-type=\"container\">\n\t\t\t\t\t<div class=\"e-con-inner\">\n\t\t\t\t<div class=\"elementor-element elementor-element-6abc65b elementor-widget elementor-widget-html\" data-id=\"6abc65b\" data-element_type=\"widget\" data-e-type=\"widget\" data-widget_type=\"html.default\">\n\t\t\t\t\t<div class=\"md-footer\">\n    <div class=\"md-footer-logo\">Medaillendruck.de<\/div>\n\n    <nav class=\"md-footer-nav\">\n        <a href=\"\/\">Startseite<\/a>\n        <a href=\"\/medaillen\/\">Medaillen<\/a>\n        <a href=\"\/ablauf\/\">Ablauf<\/a>\n        <a href=\"\/preise\/\">Preise<\/a>\n        <a href=\"\/kontakt\/\">Kontakt<\/a>\n    <\/nav>\n\n    <div class=\"md-footer-info\">\n        <p>E-Mail: info@flaschenkuehler.de<\/p>\n        <p>Individuelle Medaillen \u2022 Design & Druck \u2022 Kleine St\u00fcckzahlen m\u00f6glich<\/p>\n    <\/div>\n\n    <!-- Links -->\n    <div class=\"md-footer-legal\">\n        <a href=\"\/agb\/\">AGB<\/a>\n        <span>\u2022<\/span>\n        <a href=\"\/datenschutz\/\">Datenschutz<\/a>\n        <span>\u2022<\/span>\n        <a href=\"\/impressum\/\">Impressum<\/a>\n    <\/div>\n\n    <div class=\"md-footer-copy\">\n        \u00a9 2025 Medaillendruck.de \u2013 Alle Rechte vorbehalten.\n    <\/div>\n<\/div>\n<style>\n    \/* Footer-Grundstil *\/\n.md-footer {\n    background: #0a0612;\n    padding: 60px 20px;\n    text-align: center;\n    color: #d7dde5;\n    border-top: 1px solid rgba(255,255,255,0.05);\n}\n\n.md-footer-logo {\n    font-size: 2rem;\n    font-weight: 600;\n    color: #8fa3b8;\n    margin-bottom: 25px;\n}\n\n\/* Haupt-Navigation im Footer *\/\n.md-footer-nav {\n    margin-bottom: 25px;\n}\n\n.md-footer-nav a {\n    color: #f4ede6;\n    margin: 0 12px;\n    text-decoration: none;\n    font-size: 1.05rem;\n    transition: color .25s ease;\n}\n\n.md-footer-nav a:hover {\n    color: #d9a867;\n}\n\n\/* Info-Text *\/\n.md-footer-info p {\n    margin: 6px 0;\n    opacity: 0.85;\n    font-size: 0.95rem;\n}\n\n\/* Links *\/\n.md-footer-legal {\n    margin-top: 22px;\n    font-size: 0.9rem;\n    opacity: 0.85;\n}\n\n.md-footer-legal a {\n    color: #8fa3b8;\n    text-decoration: none;\n    margin: 0 6px;\n    transition: color .25s ease;\n}\n\n.md-footer-legal a:hover {\n    color: #d9a867;\n}\n\n.md-footer-legal span {\n    color: #6b5a4a;\n}\n\n\/* Copyright *\/\n.md-footer-copy {\n    margin-top: 18px;\n    font-size: 0.82rem;\n    opacity: 0.6;\n}\n\n\/* Responsiv *\/\n@media (max-width: 600px) {\n    .md-footer-nav a {\n        display: block;\n        margin: 8px 0;\n    }\n\n    .md-footer-legal {\n        margin-top: 18px;\n    }\n}\n\n<\/style>\t\t\t\t<\/div>\n\t\t\t\t\t<\/div>\n\t\t\t\t<\/div>\n\t\t\t\t<\/div>\n\t\t","protected":false},"excerpt":{"rendered":"<p>\u00a0 JMD Jens Munser Designs Firmeninhaber: Jens MunserKarl-Scharfenberg-Str. 7038229 Salzgitter Telefon: +49534170264Telefax: +49534170268E-Mail: info@jmd.de Registereintrag:Eingetragen im Handelsregister.Registergericht: Amtsgericht BraunschweigRegisternummer: HRA 201979 Umsatzsteuer-ID:Umsatzsteuer-Identifikationsnummer nach \u00a727a Umsatzsteuergesetz:DE 165016062 Verantwortlich f\u00fcr den Inhalt (gem. \u00a7 55 Abs. 2 RStV):Jens MunserKarl-Scharfenberg-Str. 7038239 SalzgitterDeutschland Hinweis gem\u00e4\u00df Verbraucherstreitbeilegungsgesetz (VSBG) Wir sind nicht bereit und verpflichtet, an Streitbeilegungsverfahren vor einer Verbraucherschlichtungsstelle teilzunehmen. [&hellip;]<\/p>\n","protected":false},"author":1,"featured_media":0,"parent":0,"menu_order":0,"comment_status":"closed","ping_status":"closed","template":"elementor_canvas","meta":{"footnotes":""},"class_list":["post-192","page","type-page","status-publish","hentry"],"aioseo_notices":[],"_links":{"self":[{"href":"https:\/\/medaillendruck.de\/home\/wp-json\/wp\/v2\/pages\/192","targetHints":{"allow":["GET"]}}],"collection":[{"href":"https:\/\/medaillendruck.de\/home\/wp-json\/wp\/v2\/pages"}],"about":[{"href":"https:\/\/medaillendruck.de\/home\/wp-json\/wp\/v2\/types\/page"}],"author":[{"embeddable":true,"href":"https:\/\/medaillendruck.de\/home\/wp-json\/wp\/v2\/users\/1"}],"replies":[{"embeddable":true,"href":"https:\/\/medaillendruck.de\/home\/wp-json\/wp\/v2\/comments?post=192"}],"version-history":[{"count":14,"href":"https:\/\/medaillendruck.de\/home\/wp-json\/wp\/v2\/pages\/192\/revisions"}],"predecessor-version":[{"id":428,"href":"https:\/\/medaillendruck.de\/home\/wp-json\/wp\/v2\/pages\/192\/revisions\/428"}],"wp:attachment":[{"href":"https:\/\/medaillendruck.de\/home\/wp-json\/wp\/v2\/media?parent=192"}],"curies":[{"name":"wp","href":"https:\/\/api.w.org\/{rel}","templated":true}]}}